*w**2 - 82*w + 72. Let g(i) = 9*a(i) - 7*k(i). Determine g(-26).
2
Let q be (176/(-11) - -8) + -1. Let r(u) = -u**3 - 10*u**2 - 9*u + 11. Give r(q).
11
Let w(s) = -s**3 - 16*s**2 + 15*s - 19. Let b(t) = -t**3 - 11*t**2 + 14*t - 20. Let l(c) = -4*b(c) + 3*w(c). Calculate l(5).
-7
Let t(s) be the first derivative of s**6/360 - s**5/24 + s**4/12 + 5*s**3 - s**2 - 53. Let g(x) be the third derivative of t(x). Determine g(2).
-4
Let s = -18 - -12. Suppose 20 = 5*q, -4*z + q = -49 - 3. Let u(f) = 23*f - 7*f - z*f - 3*f. Give u(s).
6
Let k = -74 + 76. Suppose -3*l - 2 = 7, 4*l = k*z - 16. Let i(h) = 8*h - 76 + 32 + 37 - h**z. Determine i(6).
5
Let s(z) = -z**2 + 13*z - 11. Let r be s(12). Let k(f) = 3*f + 27*f**3 + r + 7*f**2 - 11*f**2 - 28*f**3. Calculate k(-5).
11
Let r(d) = d**2 - d. Suppose 5 - 1 = -4*g. Let y(t) = 0*t + 1 + 0*t + 11*t**2 - 8*t + 2*t. Let i(v) = g*y(v) + 5*r(v). Determine i(1).
-6
Let q(i) = -4*i - 45. Let u be 89/(-7) + (-45)/5 + (-549)/(-63). Calculate q(u).
7
Let f(y) = -3*y - 5*y + 7 + 4*y + 5*y. Suppose 36*w - 34*w - 4 = 0. Suppose -w*r - 21 = r. Determine f(r).
0
Let v(l) be the first derivative of -l**5/60 - l**4/12 + 2*l**3/3 + 17*l**2/2 + 2*l - 108. Let b(y) be the second derivative of v(y). Give b(-4).
-4
Let i(j) = -9 + 24 - j + 12 - 1. Suppose -5*n = -3*q - 36, -1529*q - 8 = -1530*q. Give i(n).
14
Let d(q) = -10*q**2 + 38*q + 104. Let o(a) = -13*a**2 + 41*a + 104. Let h(s) = 4*d(s) - 3*o(s). Calculate h(32).
8
Let j(g) = -g. Let d(n) = -n**2 - 14*n + 2. Let s be d(-14). Let t(w) = -w**2 + 5*w - 7. Let x(a) = s*j(a) - t(a). Let h = 17 + -11. Give x(h).
1
Let g(n) = -n + 1 + 13 - 17. Let x(d) = d**3 - 10*d**2 - 11*d - 4. Suppose -2*q + 33 = q. Let a be x(q). What is g(a)?
1
Suppose 2*m - o - 113 = 39, 4*o + 152 = 2*m. Suppose m - 16 = -6*v. Let i(c) = c**3 + 9*c**2 - 13*c - 12. Give i(v).
18
Suppose 0 = -3*d + 4*a + 21, a + 1 + 10 = -5*d. Let j(g) = -21*g**2 - g - 2. What is j(d)?
-22
Suppose 42*n + 16*n = 116. Let h(o) = 3*o**2 + 11*o - 11. Let f(y) = 2*y**2 + 6*y - 6. Let s(w) = -5*f(w) + 3*h(w). Calculate s(n).
-1
Let v(f) = 2*f**3 - 2*f**2 + 3*f - 21. Let t(r) = 3*r**3 - 7*r**2 + 5*r - 31. Let u(p) = -5*t(p) + 8*v(p). Calculate u(-19).
6
Let c(a) = -2*a + 25. Let y(f) = 17*f - 147. Let z be y(8). Let x(l) = l - 13. Let d(t) = z*x(t) - 6*c(t). Suppose -2*o + 0*o = -20. Determine d(o).
3
Let q(d) = -d**3 - 6*d**2. Let m be q(-6). Let r(j) be the first derivative of -j**4/4 + j**3/3 + j**2/2 - 10*j - 9989. Calculate r(m).
-10
Suppose 51 - 35 = w. Let z(h) = h**3 - 2*h - 8*h**2 + w - 11*h**2 + 8*h**2. What is z(11)?
-6
Let t(p) be the first derivative of -p**6/360 - p**5/120 - 23*p**4/24 - 5*p**3/3 - 33. Let u(f) be the third derivative of t(f). Determine u(0).
-23
Let t(f) = -f**2 + 7*f - 2. Let k(x) = 2*x**2 + 27*x - 12. Let c be k(-14). Let o be (-1*5/5)/(c/(-18)). What is t(o)?
-20
Let p(o) be the second derivative of o**6/24 - o**5/60 - o**4/24 + 7*o**2 + 20*o. Let a(h) be the first derivative of p(h). Suppose j = 2*j + 1. Calculate a(j).
-5
Let b(l) = l**3 - 9*l**2 - 9*l - 8. Let h be b(10). Suppose -10 = -4*u + i, -4*u = 4*i + i - 22. Let s(d) = 2 + 2*d - u*d + h*d. Calculate s(-5).
-3
Let h(l) be the first derivative of 85 + 3/2*l**2 - l**3 + 1/4*l**4 + 0*l. Give h(2).
2
Let i(q) = 144*q + 2. Let y(j) = -115*j - 4. Let w(k) = -4*i(k) - 5*y(k). Give w(-6).
18
Suppose 3*m - 2*n + 2 = -66, 0 = 5*n - 20. Let f(k) = 2*k + 79. Calculate f(m).
39
Let z(f) be the second derivative of 2/5*f**5 - 2*f + 1/12*f**4 + 0*f**3 - 29 + 0*f**2. Let t = -12 - -11. Give z(t).
-7
Let u be 2*(-3)/6 + 2. Let b(j) = -j**3 + 34*j**2 + 32*j + 110. Let m be b(35). Let y(r) = 3 + m*r**2 - 4 + 9*r**2 - r**2. Calculate y(u).
12
Let b(d) be the second derivative of -5*d**3/6 + 7*d**2/2 - 70*d + 8. Determine b(6).
-23
Let r be 170/18 + (-164)/369. Suppose -w + 2 = -0*w. Let d(z) = -4*z - 4. Let t(p) = -p - 1. Let k(n) = w*d(n) - 7*t(n). What is k(r)?
-10
Let r(n) = -144*n + 457*n - 2 - 232*n. Give r(0).
-2
Let u(h) be the second derivative of -1/3*h**3 - h - h**2 - 12. Give u(-3).
4
Let q be ((-2)/(6/(-9)))/(-5 + 128/24). Let d(y) = -y**3 + 9*y**2 - 6*y + 14. What is d(q)?
-40
Let g(b) be the first derivative of b**4/6 - b**2 - 60*b + 61. Let o(u) be the first derivative of g(u). Determine o(2).
6
Let w(z) = z**3 + 24*z**2 - 3*z - 48. Let i(o) = -o**3 - 44*o**2 - 173*o - 544. Let f be i(-40). Calculate w(f).
24
Suppose k - 4*j = -2*k - 250, k = 4*j - 94. Let r = -61 - k. Suppose -7*p = r - 3. Let n(i) = -2*i**3 - 4*i**2 - 2*i. Give n(p).
4
Let k(v) = v**2 - 6*v + 4. Let d be 8/(-12) - (35/(-3) + -1). Let y = d - 9. Suppose 11 = 2*g - y. Determine k(g).
11
Let d be (1 + (-7)/3)/(128/192). Let l be (-33)/(-15) - 3/15. Let t(o) = l - 3*o + 2*o + 6*o. Determine t(d).
-8
Let t(w) = 5*w - 3. Let f be -3 + (9 + -2)/1. Suppose f*c - 20 = 0, -5*h + 9 = 2*c - 6. Let d be 16/4 - (1 + h + 5). Determine t(d).
-18
Let o(t) = t**3 - 8*t**2 - 4*t + 10. Let x be (-20)/90*9*(-1 - 3). What is o(x)?
-22
Let y(r) = 2*r**3 + 4*r**2 - 4*r + 1. Suppose 4*l + 4 = -118*v + 113*v, 8 = 2*l. Give y(v).
-47
Let b(n) = n - 16. Let x be b(10). Let w(k) = 7*k**2 - 18*k - 3. Let v(o) = o**2 - 2*o. Let q(c) = x*v(c) + w(c). Calculate q(5).
-8
Let t(u) = u**3 - 6*u**2 - 57*u + 21. Let x(r) = -18*r**2 - 94*r - 9. Let n be x(-5). Give t(n).
-1
Let b(r) be the third derivative of -r**4/4 + 7*r**3/6 + 1314*r**2. Calculate b(0).
7
Let d(b) = -b**2 - 2*b + 1. Let v(n) = -n**3 - n**2 + 47*n + 6. Let i be v(6). Let l(z) = -8*z - 1. Let k be l(-4). Let x = k - i. Determine d(x).
-14
Let n(t) be the second derivative of t**3/2 + 2*t**2 - t. Suppose 8*b - 70 = -30. Suppose -b*m + 4 + 22 = -3*f, 2*m = -f + 6. What is n(m)?
16
Suppose l + 59 = 15*m - 19*m, 5*l = -2*m - 187. Let u(g) = g**2 + 36*g + 52. Determine u(l).
17
Let y = -806 + 389. Let c = 414 + y. Let d(x) = 3*x - 2. What is d(c)?
-11
Suppose -5*y - 3*z + 16 = -11, -z + 16 = 4*y. Let d(b) = b**2 + b. Let x(f) = 2 - 1 - 2*f - f**2 - 2. Let h(t) = y*d(t) + 2*x(t). What is h(-2)?
4
Let f(j) be the second derivative of -j**4/4 + 5*j**3/6 + 3*j**2 + 368*j. Give f(3).
-6
Let g(d) = -31*d + 1. Let h = 999 - 1005. Let x(o) = 27*o - 1. Let p(a) = h*x(a) - 5*g(a). Calculate p(1).
-6
Let b(u) = -u + 6. Let x(w) = -3*w**3 - 15*w**2 - 21*w + 6. Let v be x(-6). Let k = v - 231. Determine b(k).
-3
Let q(w) be the second derivative of w**4/12 + 4*w**3 + 25*w**2 - 1387*w. Calculate q(-22).
6
Let g(p) = 58*p + 191*p + 24 - 266*p. Give g(2).
-10
Suppose 12 = -4*b, -v - 5*b = 1 + 9. Suppose -98*k - v = -103*k. Let l(c) = 20*c**3. Give l(k).
20
Let l(v) = -1836*v**2 + 8*v + 901*v**2 - 39 + 936*v**2. Give l(-11).
-6
Let i(u) be the first derivative of -5 + 1/12*u**4 - 3*u + 0*u**2 + 2/3*u**3. Let o(a) be the first derivative of i(a). What is o(-5)?
5
Let z(q) = 3*q**2 - 46*q + 28. Let x be 10/((4/35*-5)/((-30)/35)). What is z(x)?
13
Let i = -26 - -34. Let o(w) be the second derivative of -w**4/12 + 5*w**3/3 - w**2 + 1169*w. What is o(i)?
14
Suppose h = 4*u - 1, -5*u + 14 = 5*h - 2*h. Let b(q) = 19488*q**2 + 2*q - 19486*q**2 - 3*q. Give b(h).
15
Let k(d) be the first derivative of d**2/2 + 3*d + 6. Suppose 8*a + 20 = -4 - 0. Determine k(a).
0
Let l(t) = t**2 + 16*t - 13. Let a be (2 - 2)*(-1)/10*5. Suppose a = 2*o + 8 + 26. Determine l(o).
4
Let c = 28 - 32. Let u(i) be the second derivative of i**5/20 + 5*i**4/12 + 5*i**3/6 + 5*i**2/2 - 160*i. Determine u(c).
1
Let i(z) be the third derivative of -z**4/12 + 5*z**3/6 - 237*z**2. What is i(-5)?
15
Suppose 9*f - 2*f + 94 = -40*f. Let m(t) = -t**3 - 3*t**2 + 3*t - 2. Let s be m(-4). Let o(q) = -s*q**2 - 1 + 0 - 3*q - 1. Give o(f).
-4
Let a(r) = -r**3 - 19*r**2 - 90*r + 13. Let j be a(-10). Let s(q) = 3539 - 3546 - q**3 + 16*q + q**2 + j*q**2. Determine s(15).
8
Let c(a) = 5*a**2 - 6*a - 11. Let z(y) = -8*y**2 + 5*y + 13. Suppose -9*k + 5*k - 9 = -b, -9 = -2*b + 5*k. Let x(f) = b*c(f) - 2*z(f). Give x(-7).
0
Let z(n) = 3*n**3 - 78*n**2 - 82*n**2 + 5 - 2*n**3 + 156*n**2 - 5*n. Give z(5).
5
Let s(u) = u + 1. Let t(i) = 2*i - 8*i + 2 - 4*i + 2*i. Let b(j) = -5*s(j) - t(j). Let q = 21 + -16. Give b(q).
8
Suppose -27 = o - 10 - 4. Let t(x) = 2*x**2 + 23*x - 19. Calculate t(o).
20
Suppose -2*o - 2*o = 0. Let u